{"id":983,"date":"2025-10-01T20:12:00","date_gmt":"2025-10-01T18:12:00","guid":{"rendered":"https:\/\/srv113897.seohost.com.pl\/?post_type=product&#038;p=983"},"modified":"2026-05-03T23:44:02","modified_gmt":"2026-05-03T21:44:02","slug":"sruba-napedowa-yamaha-honda-suzuki-133-4x21-nr-66","status":"publish","type":"product","link":"https:\/\/srv113897.seohost.com.pl\/index.php\/produkt\/sruba-napedowa-yamaha-honda-suzuki-133-4x21-nr-66\/","title":{"rendered":"\u015aruba nap\u0119dowa YAMAHA HONDA SUZUKI 13,3\/4X21 nr.66"},"content":{"rendered":"<p>W ofercie posiadamy:<\/p>\n<p>\u015arub\u0119 nap\u0119dow\u0105: ALUMINIUM 13 3\/4&#8243; X 21P \u015aRUBA MERKURY, 48***********48-78122 A40 21P, WCISKANA PIASTA MERKURY 15 SPLINE<\/p>\n<p>Pasuje do : YAMAHA 150-300, MERCURY 135-300, HONDA 150-250, SUZUKI 150-250, MERCRUISER ALPHA 1 I BRAVO 1 OUTDRIVES.<\/p>\n<p>Kolor czarny<br \/>\nRozmiar: 13 3\/4&#8243; X 21P<\/p>\n<p>Stan jak na zdj\u0119ciu.<\/p>\n<p>Cze\u015b\u0107 w 100% sprawna.<\/p>\n<p>W przypadku w\u0105tpliwo\u015bci, czy dana cze\u015b\u0107 pasuje do danego silnika prosimy wy\u015blij zapytanie.<\/p>\n<p>Zapraszamy r\u00f3wnie\u017c na inne nasze aukcje,\u00a0posiadamy szeroki wyb\u00f3r cz\u0119\u015bci do silnik\u00f3w zaburtowych oraz stacjonarnych.<\/p>\n","protected":false},"excerpt":{"rendered":"<p>W ofercie posiadamy: \u015arub\u0119 nap\u0119dow\u0105: ALUMINIUM 13 3\/4&#8243; X 21P \u015aRUBA MERKURY, 48***********48-78122 A40 21P, WCISKANA PIASTA MERKURY 15 SPLINE Pasuje do : YAMAHA 150-300, MERCURY 135-300, HONDA 150-250, SUZUKI 150-250, MERCRUISER ALPHA 1 I BRAVO 1 OUTDRIVES. Kolor czarny Rozmiar: 13 3\/4&#8243; X 21P Stan jak na zdj\u0119ciu. Cze\u015b\u0107 w 100% sprawna. W przypadku [&hellip;]<\/p>\n","protected":false},"featured_media":5414,"comment_status":"open","ping_status":"closed","template":"","meta":[],"product_brand":[60,61,62,63,64],"product_cat":[48,49],"product_tag":[],"class_list":{"0":"post-983","1":"product","2":"type-product","3":"status-publish","4":"has-post-thumbnail","6":"product_brand-honda","7":"product_brand-mercruiser","8":"product_brand-mercury","9":"product_brand-suzuki","10":"product_brand-yamaha","11":"product_cat-czesci-silnikowe","12":"product_cat-sruby-napedowe","14":"first","15":"instock","16":"featured","17":"shipping-taxable","18":"purchasable","19":"product-type-simple"},"_links":{"self":[{"href":"https:\/\/srv113897.seohost.com.pl\/index.php\/wp-json\/wp\/v2\/product\/983","targetHints":{"allow":["GET"]}}],"collection":[{"href":"https:\/\/srv113897.seohost.com.pl\/index.php\/wp-json\/wp\/v2\/product"}],"about":[{"href":"https:\/\/srv113897.seohost.com.pl\/index.php\/wp-json\/wp\/v2\/types\/product"}],"replies":[{"embeddable":true,"href":"https:\/\/srv113897.seohost.com.pl\/index.php\/wp-json\/wp\/v2\/comments?post=983"}],"wp:featuredmedia":[{"embeddable":true,"href":"https:\/\/srv113897.seohost.com.pl\/index.php\/wp-json\/wp\/v2\/media\/5414"}],"wp:attachment":[{"href":"https:\/\/srv113897.seohost.com.pl\/index.php\/wp-json\/wp\/v2\/media?parent=983"}],"wp:term":[{"taxonomy":"product_brand","embeddable":true,"href":"https:\/\/srv113897.seohost.com.pl\/index.php\/wp-json\/wp\/v2\/product_brand?post=983"},{"taxonomy":"product_cat","embeddable":true,"href":"https:\/\/srv113897.seohost.com.pl\/index.php\/wp-json\/wp\/v2\/product_cat?post=983"},{"taxonomy":"product_tag","embeddable":true,"href":"https:\/\/srv113897.seohost.com.pl\/index.php\/wp-json\/wp\/v2\/product_tag?post=983"}],"curies":[{"name":"wp","href":"https:\/\/api.w.org\/{rel}","templated":true}]}}