{"id":4213,"date":"2025-10-01T20:47:16","date_gmt":"2025-10-01T18:47:16","guid":{"rendered":"https:\/\/srv113897.seohost.com.pl\/?post_type=product&#038;p=4213"},"modified":"2026-05-04T00:13:55","modified_gmt":"2026-05-03T22:13:55","slug":"zestaw-uszczelek-glowicy-silnika-6-cylindrowego-mercury-verado-200-300-km","status":"publish","type":"product","link":"https:\/\/srv113897.seohost.com.pl\/index.php\/produkt\/zestaw-uszczelek-glowicy-silnika-6-cylindrowego-mercury-verado-200-300-km\/","title":{"rendered":"Zestaw uszczelek g\u0142owicy silnika 6-cylindrowego Mercury Verado 200-300 KM"},"content":{"rendered":"<p>W ofercie posiadamy:<\/p>\n<p>Zestaw uszczelek g\u0142owicy silnika 6-cylindrowego Mercury Verado 200-300 KM najlepiej pasuje do modeli Verado<\/p>\n<p>Zestaw\u00a0 zast\u0119puje r\u00f3wnie\u017c 27-880552A06, 27-880552A07, 27-880552A07,A06, 27-880552A07\/06, 880552A05, 880552A06, 880552A07<\/p>\n<p>Nowy<\/p>\n<p>W przypadku w\u0105tpliwo\u015bci, czy dana cze\u015b\u0107 pasuje do danego silnika wy\u015blij zapytanie. Aukcja dotyczy kompletu.<\/p>\n<p>Zapraszamy r\u00f3wnie\u017c na inne nasze aukcje,\u00a0posiadamy szeroki wyb\u00f3r cz\u0119\u015bci do silnik\u00f3w zaburtowych oraz stacjonarnych.<\/p>\n","protected":false},"excerpt":{"rendered":"<p>W ofercie posiadamy: Zestaw uszczelek g\u0142owicy silnika 6-cylindrowego Mercury Verado 200-300 KM najlepiej pasuje do modeli Verado Zestaw\u00a0 zast\u0119puje r\u00f3wnie\u017c 27-880552A06, 27-880552A07, 27-880552A07,A06, 27-880552A07\/06, 880552A05, 880552A06, 880552A07 Nowy W przypadku w\u0105tpliwo\u015bci, czy dana cze\u015b\u0107 pasuje do danego silnika wy\u015blij zapytanie. Aukcja dotyczy kompletu. Zapraszamy r\u00f3wnie\u017c na inne nasze aukcje,\u00a0posiadamy szeroki wyb\u00f3r cz\u0119\u015bci do silnik\u00f3w zaburtowych [&hellip;]<\/p>\n","protected":false},"featured_media":8229,"comment_status":"open","ping_status":"closed","template":"","meta":[],"product_brand":[62],"product_cat":[48,156],"product_tag":[],"class_list":{"0":"post-4213","1":"product","2":"type-product","3":"status-publish","4":"has-post-thumbnail","6":"product_brand-mercury","7":"product_cat-czesci-silnikowe","8":"product_cat-zestawy-uszczelek","10":"first","11":"instock","12":"shipping-taxable","13":"purchasable","14":"product-type-simple"},"_links":{"self":[{"href":"https:\/\/srv113897.seohost.com.pl\/index.php\/wp-json\/wp\/v2\/product\/4213","targetHints":{"allow":["GET"]}}],"collection":[{"href":"https:\/\/srv113897.seohost.com.pl\/index.php\/wp-json\/wp\/v2\/product"}],"about":[{"href":"https:\/\/srv113897.seohost.com.pl\/index.php\/wp-json\/wp\/v2\/types\/product"}],"replies":[{"embeddable":true,"href":"https:\/\/srv113897.seohost.com.pl\/index.php\/wp-json\/wp\/v2\/comments?post=4213"}],"wp:featuredmedia":[{"embeddable":true,"href":"https:\/\/srv113897.seohost.com.pl\/index.php\/wp-json\/wp\/v2\/media\/8229"}],"wp:attachment":[{"href":"https:\/\/srv113897.seohost.com.pl\/index.php\/wp-json\/wp\/v2\/media?parent=4213"}],"wp:term":[{"taxonomy":"product_brand","embeddable":true,"href":"https:\/\/srv113897.seohost.com.pl\/index.php\/wp-json\/wp\/v2\/product_brand?post=4213"},{"taxonomy":"product_cat","embeddable":true,"href":"https:\/\/srv113897.seohost.com.pl\/index.php\/wp-json\/wp\/v2\/product_cat?post=4213"},{"taxonomy":"product_tag","embeddable":true,"href":"https:\/\/srv113897.seohost.com.pl\/index.php\/wp-json\/wp\/v2\/product_tag?post=4213"}],"curies":[{"name":"wp","href":"https:\/\/api.w.org\/{rel}","templated":true}]}}