{"id":4042,"date":"2025-10-01T20:45:25","date_gmt":"2025-10-01T18:45:25","guid":{"rendered":"https:\/\/srv113897.seohost.com.pl\/?post_type=product&#038;p=4042"},"modified":"2026-05-04T00:12:28","modified_gmt":"2026-05-03T22:12:28","slug":"stacyjka-z-kablem-mercury-quicksilver-84-816626a20","status":"publish","type":"product","link":"https:\/\/srv113897.seohost.com.pl\/index.php\/produkt\/stacyjka-z-kablem-mercury-quicksilver-84-816626a20\/","title":{"rendered":"Stacyjka z kablem Mercury Quicksilver 84-816626A20"},"content":{"rendered":"<p><b>W ofercie posiadamy<\/b><b>:<\/b><\/p>\n<p>Oryginalna stacyjka Mercury \/ Quicksilver ze ssaniem w kluczyku (przez przyci\u015bni\u0119cie) , z buczkiem alarmowym oraz kablem d\u0142ugo\u015bci 6 m do pod\u0142\u0105czenia silnika Mercury\/Mercruiser ze z\u0142\u0105czk\u0105 8-pinow\u0105 (stosowana do 2004 roku) .<\/p>\n<p>Posiada tak\u017ce z\u0142\u0105cze 3-pinowe do trymu oraz 5-pinowe do pod\u0142\u0105czenia zegar\u00f3w .<\/p>\n<p>Wraz z manetk\u0105 zdalnego sterowania MPC 4000 \/ Commander 4000 (nr 858690A02) stanowi komplet do zdalnego sterownia silnikiem Mercruiser\/Mercury .<\/p>\n<p>W komplecie s\u0105 dwa kluczyki<\/p>\n<p><b>Stan jak na zdj\u0119ciu.<\/b><\/p>\n<p><b>Nowy<\/b><\/p>\n<p>Cze\u015b\u0107 w 100% sprawna.<\/p>\n<p>W przypadku w\u0105tpliwo\u015bci, czy dana cze\u015b\u0107 pasuje do danego silnika prosz\u0119 zada\u0107 pytanie. Aukcja dotyczy jednej sztuki.<\/p>\n<p><b>Zapraszamy r\u00f3wnie\u017c na inne nasze aukcje,<\/b>\u00a0<b>posiadamy szeroki wyb\u00f3r cz\u0119\u015bci do silnik\u00f3w zaburtowych oraz stacjonarnych.<\/b><\/p>\n","protected":false},"excerpt":{"rendered":"<p>W ofercie posiadamy: Oryginalna stacyjka Mercury \/ Quicksilver ze ssaniem w kluczyku (przez przyci\u015bni\u0119cie) , z buczkiem alarmowym oraz kablem d\u0142ugo\u015bci 6 m do pod\u0142\u0105czenia silnika Mercury\/Mercruiser ze z\u0142\u0105czk\u0105 8-pinow\u0105 (stosowana do 2004 roku) . Posiada tak\u017ce z\u0142\u0105cze 3-pinowe do trymu oraz 5-pinowe do pod\u0142\u0105czenia zegar\u00f3w . Wraz z manetk\u0105 zdalnego sterowania MPC 4000 \/ [&hellip;]<\/p>\n","protected":false},"featured_media":8094,"comment_status":"open","ping_status":"closed","template":"","meta":[],"product_brand":[62],"product_cat":[115,133],"product_tag":[],"class_list":{"0":"post-4042","1":"product","2":"type-product","3":"status-publish","4":"has-post-thumbnail","6":"product_brand-mercury","7":"product_cat-osprzet-silnikow","8":"product_cat-wiazki-elektryczne","10":"first","11":"instock","12":"shipping-taxable","13":"purchasable","14":"product-type-simple"},"_links":{"self":[{"href":"https:\/\/srv113897.seohost.com.pl\/index.php\/wp-json\/wp\/v2\/product\/4042","targetHints":{"allow":["GET"]}}],"collection":[{"href":"https:\/\/srv113897.seohost.com.pl\/index.php\/wp-json\/wp\/v2\/product"}],"about":[{"href":"https:\/\/srv113897.seohost.com.pl\/index.php\/wp-json\/wp\/v2\/types\/product"}],"replies":[{"embeddable":true,"href":"https:\/\/srv113897.seohost.com.pl\/index.php\/wp-json\/wp\/v2\/comments?post=4042"}],"wp:featuredmedia":[{"embeddable":true,"href":"https:\/\/srv113897.seohost.com.pl\/index.php\/wp-json\/wp\/v2\/media\/8094"}],"wp:attachment":[{"href":"https:\/\/srv113897.seohost.com.pl\/index.php\/wp-json\/wp\/v2\/media?parent=4042"}],"wp:term":[{"taxonomy":"product_brand","embeddable":true,"href":"https:\/\/srv113897.seohost.com.pl\/index.php\/wp-json\/wp\/v2\/product_brand?post=4042"},{"taxonomy":"product_cat","embeddable":true,"href":"https:\/\/srv113897.seohost.com.pl\/index.php\/wp-json\/wp\/v2\/product_cat?post=4042"},{"taxonomy":"product_tag","embeddable":true,"href":"https:\/\/srv113897.seohost.com.pl\/index.php\/wp-json\/wp\/v2\/product_tag?post=4042"}],"curies":[{"name":"wp","href":"https:\/\/api.w.org\/{rel}","templated":true}]}}