{"id":3671,"date":"2025-10-01T20:41:06","date_gmt":"2025-10-01T18:41:06","guid":{"rendered":"https:\/\/srv113897.seohost.com.pl\/?post_type=product&#038;p=3671"},"modified":"2026-05-04T00:09:29","modified_gmt":"2026-05-03T22:09:29","slug":"silnik-zaburtowy-yamaha-8-km-4-stroke-czapa-nr-10","status":"publish","type":"product","link":"https:\/\/srv113897.seohost.com.pl\/index.php\/produkt\/silnik-zaburtowy-yamaha-8-km-4-stroke-czapa-nr-10\/","title":{"rendered":"Silnik zaburtowy Yamaha 8 KM 4 Stroke Czapa nr.10"},"content":{"rendered":"<p>Do sprzedania czapa pokrywa\u00a0 zdemontowana z\u00a0 silnika zaburtowego Yamaha 8 KM 4 Stroke ,sterowanie pod manetk\u0119, rozruch\u00a0 elektryczny, ga\u017anik, stopa spodzina, \u015bruba nap\u0119dowa, cewka, wszystko inne, bardzo dobry stan. Wszystko z tego silnika do sprzedania w razie pyta\u0144 dzwoni\u0107.<\/p>\n<p>Do zaoferowania wszystko co na zdj\u0119ciach cena dotyczy czapy\/pokrywy.<\/p>\n<p><b>Maszy w\u0105tpliwo\u015bci wy\u015blij zapytanie.<\/b><\/p>\n","protected":false},"excerpt":{"rendered":"<p>Do sprzedania czapa pokrywa\u00a0 zdemontowana z\u00a0 silnika zaburtowego Yamaha 8 KM 4 Stroke ,sterowanie pod manetk\u0119, rozruch\u00a0 elektryczny, ga\u017anik, stopa spodzina, \u015bruba nap\u0119dowa, cewka, wszystko inne, bardzo dobry stan. Wszystko z tego silnika do sprzedania w razie pyta\u0144 dzwoni\u0107. Do zaoferowania wszystko co na zdj\u0119ciach cena dotyczy czapy\/pokrywy. Maszy w\u0105tpliwo\u015bci wy\u015blij zapytanie.<\/p>\n","protected":false},"featured_media":7768,"comment_status":"open","ping_status":"closed","template":"","meta":[],"product_brand":[64],"product_cat":[48,125,51],"product_tag":[],"class_list":{"0":"post-3671","1":"product","2":"type-product","3":"status-publish","4":"has-post-thumbnail","6":"product_brand-yamaha","7":"product_cat-czesci-silnikowe","8":"product_cat-silniki-na-czesci","9":"product_cat-silniki-zaburtowe","11":"first","12":"instock","13":"shipping-taxable","14":"purchasable","15":"product-type-simple"},"_links":{"self":[{"href":"https:\/\/srv113897.seohost.com.pl\/index.php\/wp-json\/wp\/v2\/product\/3671","targetHints":{"allow":["GET"]}}],"collection":[{"href":"https:\/\/srv113897.seohost.com.pl\/index.php\/wp-json\/wp\/v2\/product"}],"about":[{"href":"https:\/\/srv113897.seohost.com.pl\/index.php\/wp-json\/wp\/v2\/types\/product"}],"replies":[{"embeddable":true,"href":"https:\/\/srv113897.seohost.com.pl\/index.php\/wp-json\/wp\/v2\/comments?post=3671"}],"wp:featuredmedia":[{"embeddable":true,"href":"https:\/\/srv113897.seohost.com.pl\/index.php\/wp-json\/wp\/v2\/media\/7768"}],"wp:attachment":[{"href":"https:\/\/srv113897.seohost.com.pl\/index.php\/wp-json\/wp\/v2\/media?parent=3671"}],"wp:term":[{"taxonomy":"product_brand","embeddable":true,"href":"https:\/\/srv113897.seohost.com.pl\/index.php\/wp-json\/wp\/v2\/product_brand?post=3671"},{"taxonomy":"product_cat","embeddable":true,"href":"https:\/\/srv113897.seohost.com.pl\/index.php\/wp-json\/wp\/v2\/product_cat?post=3671"},{"taxonomy":"product_tag","embeddable":true,"href":"https:\/\/srv113897.seohost.com.pl\/index.php\/wp-json\/wp\/v2\/product_tag?post=3671"}],"curies":[{"name":"wp","href":"https:\/\/api.w.org\/{rel}","templated":true}]}}