{"id":1884,"date":"2025-10-01T20:20:48","date_gmt":"2025-10-01T18:20:48","guid":{"rendered":"https:\/\/srv113897.seohost.com.pl\/?post_type=product&#038;p=1884"},"modified":"2026-05-03T23:52:16","modified_gmt":"2026-05-03T21:52:16","slug":"rib-ponton-zodiac-yl-340-dl-yamaha-30-km","status":"publish","type":"product","link":"https:\/\/srv113897.seohost.com.pl\/index.php\/produkt\/rib-ponton-zodiac-yl-340-dl-yamaha-30-km\/","title":{"rendered":"RIB Ponton Zodiac YL 340 DL Yamaha 30 KM"},"content":{"rendered":"<p>Do sprzedania w ofercie posiadamy RIb-a marki Zodiak model YL 340 DL z 2002 roku, rib w komplecie ze ster\u00f3wka, silnikiem Yamaha 30 KM 2T, manetka. Silnik po serwisie sprawdzony przygotowany do sezonu, ponton po przegl\u0105dzie szczelny. Mo\u017cliwo\u015b\u0107 kupna osobno silnika i pontonu.<\/p>\n","protected":false},"excerpt":{"rendered":"<p>Do sprzedania w ofercie posiadamy RIb-a marki Zodiak model YL 340 DL z 2002 roku, rib w komplecie ze ster\u00f3wka, silnikiem Yamaha 30 KM 2T, manetka. Silnik po serwisie sprawdzony przygotowany do sezonu, ponton po przegl\u0105dzie szczelny. Mo\u017cliwo\u015b\u0107 kupna osobno silnika i pontonu.<\/p>\n","protected":false},"featured_media":6345,"comment_status":"open","ping_status":"closed","template":"","meta":[],"product_brand":[64,96],"product_cat":[46],"product_tag":[],"class_list":{"0":"post-1884","1":"product","2":"type-product","3":"status-publish","4":"has-post-thumbnail","6":"product_brand-yamaha","7":"product_brand-zodiac","8":"product_cat-lodzie-i-inne","10":"first","11":"instock","12":"shipping-taxable","13":"purchasable","14":"product-type-simple"},"_links":{"self":[{"href":"https:\/\/srv113897.seohost.com.pl\/index.php\/wp-json\/wp\/v2\/product\/1884","targetHints":{"allow":["GET"]}}],"collection":[{"href":"https:\/\/srv113897.seohost.com.pl\/index.php\/wp-json\/wp\/v2\/product"}],"about":[{"href":"https:\/\/srv113897.seohost.com.pl\/index.php\/wp-json\/wp\/v2\/types\/product"}],"replies":[{"embeddable":true,"href":"https:\/\/srv113897.seohost.com.pl\/index.php\/wp-json\/wp\/v2\/comments?post=1884"}],"wp:featuredmedia":[{"embeddable":true,"href":"https:\/\/srv113897.seohost.com.pl\/index.php\/wp-json\/wp\/v2\/media\/6345"}],"wp:attachment":[{"href":"https:\/\/srv113897.seohost.com.pl\/index.php\/wp-json\/wp\/v2\/media?parent=1884"}],"wp:term":[{"taxonomy":"product_brand","embeddable":true,"href":"https:\/\/srv113897.seohost.com.pl\/index.php\/wp-json\/wp\/v2\/product_brand?post=1884"},{"taxonomy":"product_cat","embeddable":true,"href":"https:\/\/srv113897.seohost.com.pl\/index.php\/wp-json\/wp\/v2\/product_cat?post=1884"},{"taxonomy":"product_tag","embeddable":true,"href":"https:\/\/srv113897.seohost.com.pl\/index.php\/wp-json\/wp\/v2\/product_tag?post=1884"}],"curies":[{"name":"wp","href":"https:\/\/api.w.org\/{rel}","templated":true}]}}