{"id":1809,"date":"2025-10-01T20:20:00","date_gmt":"2025-10-01T18:20:00","guid":{"rendered":"https:\/\/srv113897.seohost.com.pl\/?post_type=product&#038;p=1809"},"modified":"2026-05-03T23:51:28","modified_gmt":"2026-05-03T21:51:28","slug":"lodz-motorowka-fletcher-bez-silnika","status":"publish","type":"product","link":"https:\/\/srv113897.seohost.com.pl\/index.php\/produkt\/lodz-motorowka-fletcher-bez-silnika\/","title":{"rendered":"\u0141\u00f3dz motor\u00f3wka fletcher bez silnika"},"content":{"rendered":"<p>Do sprzedania \u0142\u00f3dz motorowa FLETCHER bez silnika . (\u0141\u00f3d\u017a bez silnika)<br \/>\nWymiary \u0142odzi:<br \/>\nwysoko\u015bc-1.00<br \/>\nszeroko\u015b\u0107-1.50<br \/>\nd\u0142ugo\u015b\u0107-4.50<\/p>\n","protected":false},"excerpt":{"rendered":"<p>Do sprzedania \u0142\u00f3dz motorowa FLETCHER bez silnika . (\u0141\u00f3d\u017a bez silnika) Wymiary \u0142odzi: wysoko\u015bc-1.00 szeroko\u015b\u0107-1.50 d\u0142ugo\u015b\u0107-4.50<\/p>\n","protected":false},"featured_media":6264,"comment_status":"open","ping_status":"closed","template":"","meta":[],"product_brand":[95],"product_cat":[46],"product_tag":[],"class_list":{"0":"post-1809","1":"product","2":"type-product","3":"status-publish","4":"has-post-thumbnail","6":"product_brand-fletcher","7":"product_cat-lodzie-i-inne","9":"first","10":"instock","11":"shipping-taxable","12":"purchasable","13":"product-type-simple"},"_links":{"self":[{"href":"https:\/\/srv113897.seohost.com.pl\/index.php\/wp-json\/wp\/v2\/product\/1809","targetHints":{"allow":["GET"]}}],"collection":[{"href":"https:\/\/srv113897.seohost.com.pl\/index.php\/wp-json\/wp\/v2\/product"}],"about":[{"href":"https:\/\/srv113897.seohost.com.pl\/index.php\/wp-json\/wp\/v2\/types\/product"}],"replies":[{"embeddable":true,"href":"https:\/\/srv113897.seohost.com.pl\/index.php\/wp-json\/wp\/v2\/comments?post=1809"}],"wp:featuredmedia":[{"embeddable":true,"href":"https:\/\/srv113897.seohost.com.pl\/index.php\/wp-json\/wp\/v2\/media\/6264"}],"wp:attachment":[{"href":"https:\/\/srv113897.seohost.com.pl\/index.php\/wp-json\/wp\/v2\/media?parent=1809"}],"wp:term":[{"taxonomy":"product_brand","embeddable":true,"href":"https:\/\/srv113897.seohost.com.pl\/index.php\/wp-json\/wp\/v2\/product_brand?post=1809"},{"taxonomy":"product_cat","embeddable":true,"href":"https:\/\/srv113897.seohost.com.pl\/index.php\/wp-json\/wp\/v2\/product_cat?post=1809"},{"taxonomy":"product_tag","embeddable":true,"href":"https:\/\/srv113897.seohost.com.pl\/index.php\/wp-json\/wp\/v2\/product_tag?post=1809"}],"curies":[{"name":"wp","href":"https:\/\/api.w.org\/{rel}","templated":true}]}}