{"id":1762,"date":"2025-10-01T20:19:36","date_gmt":"2025-10-01T18:19:36","guid":{"rendered":"https:\/\/srv113897.seohost.com.pl\/?post_type=product&#038;p=1762"},"modified":"2026-05-03T23:50:46","modified_gmt":"2026-05-03T21:50:46","slug":"buty-sea-doo-riding-skuter-do-wody-rozmiar-41","status":"publish","type":"product","link":"https:\/\/srv113897.seohost.com.pl\/index.php\/produkt\/buty-sea-doo-riding-skuter-do-wody-rozmiar-41\/","title":{"rendered":"BUTY SEA DOO RIDING skuter do wody &#8211; ROZMIAR 41"},"content":{"rendered":"<p>Polecamy Buty do wody, skuter wodny<\/p>\n<p>Lekkie podeszwy z pianki EVA.<\/p>\n<p>Rozm. 41<\/p>\n<p>Wszechstronna ochronna pow\u0142oka uretanowa.<\/p>\n<p>Siatkowe cholewki i perforowane wk\u0142adki do szybkiego odprowadzania wody.<\/p>\n<p>Antypo\u015blizgowe i niebrudz\u0105ce si\u0119 podeszwy<\/p>\n","protected":false},"excerpt":{"rendered":"<p>Polecamy Buty do wody, skuter wodny Lekkie podeszwy z pianki EVA. Rozm. 41 Wszechstronna ochronna pow\u0142oka uretanowa. Siatkowe cholewki i perforowane wk\u0142adki do szybkiego odprowadzania wody. Antypo\u015blizgowe i niebrudz\u0105ce si\u0119 podeszwy<\/p>\n","protected":false},"featured_media":6212,"comment_status":"open","ping_status":"closed","template":"","meta":[],"product_brand":[92],"product_cat":[75,76],"product_tag":[],"class_list":{"0":"post-1762","1":"product","2":"type-product","3":"status-publish","4":"has-post-thumbnail","6":"product_brand-seadoo","7":"product_cat-wyposazenie-osprzet","8":"product_cat-buty","10":"first","11":"instock","12":"shipping-taxable","13":"purchasable","14":"product-type-simple"},"_links":{"self":[{"href":"https:\/\/srv113897.seohost.com.pl\/index.php\/wp-json\/wp\/v2\/product\/1762","targetHints":{"allow":["GET"]}}],"collection":[{"href":"https:\/\/srv113897.seohost.com.pl\/index.php\/wp-json\/wp\/v2\/product"}],"about":[{"href":"https:\/\/srv113897.seohost.com.pl\/index.php\/wp-json\/wp\/v2\/types\/product"}],"replies":[{"embeddable":true,"href":"https:\/\/srv113897.seohost.com.pl\/index.php\/wp-json\/wp\/v2\/comments?post=1762"}],"wp:featuredmedia":[{"embeddable":true,"href":"https:\/\/srv113897.seohost.com.pl\/index.php\/wp-json\/wp\/v2\/media\/6212"}],"wp:attachment":[{"href":"https:\/\/srv113897.seohost.com.pl\/index.php\/wp-json\/wp\/v2\/media?parent=1762"}],"wp:term":[{"taxonomy":"product_brand","embeddable":true,"href":"https:\/\/srv113897.seohost.com.pl\/index.php\/wp-json\/wp\/v2\/product_brand?post=1762"},{"taxonomy":"product_cat","embeddable":true,"href":"https:\/\/srv113897.seohost.com.pl\/index.php\/wp-json\/wp\/v2\/product_cat?post=1762"},{"taxonomy":"product_tag","embeddable":true,"href":"https:\/\/srv113897.seohost.com.pl\/index.php\/wp-json\/wp\/v2\/product_tag?post=1762"}],"curies":[{"name":"wp","href":"https:\/\/api.w.org\/{rel}","templated":true}]}}